False
Does 34 divide 1632?
True
Is 4 a factor of 1064?
True
Is 947 a multiple of 10?
False
Is 13 a factor of 10816?
True
Is 1383 a multiple of 32?
False
Is 209 a multiple of 19?
True
Does 8 divide 23165?
False
Does 3 divide 510?
True
Does 3 divide 237?
True
Is 240 a multiple of 24?
True
Is 1957 a multiple of 75?
False
Does 4 divide 24220?
True
Is 1505 a multiple of 8?
False
Does 10 divide 3620?
True
Is 412 a factor of 24885?
False
Is 2557 even?
False
Does 10 divide 467?
False
Is 15846 a multiple of 117?
False
Does 110 divide 10230?
True
Is 20 a factor of 678?
False
Is 1789 a multiple of 18?
False
Does 7 divide 57708?
True
Is 1020 a multiple of 54?
False
Is 24 a factor of 1989?
False
Is 8 a factor of 2797?
False
Is 4 a factor of 1224?
True
Does 9 divide 1159?
False
Does 91 divide 35763?
True
Is 6 a factor of 1578?
True
Is 493 a multiple of 17?
True
Does 39 divide 1427?
False
Does 42 divide 10668?
True
Does 13 divide 48545?
False
Is 928 a multiple of 29?
True
Is 125 a factor of 11663?
False
Does 35 divide 606?
False
Is 33 a factor of 924?
True
Does 39 divide 390?
True
Is 41 a factor of 615?
True
Is 2848 even?
True
Does 73 divide 1314?
True
Is 12765 a multiple of 21?
False
Does 9 divide 558?
True
Is 16 a factor of 3513?
False
Is 3989 even?
False
Is 2730 a multiple of 65?
True
Does 6 divide 215?
False
Does 193 divide 10229?
True
Is 949 a multiple of 6?
False
Is 14605 a multiple of 28?
False
Is 3495 a multiple of 15?
True
Is 5064 a multiple of 211?
True
Does 129 divide 1677?
True
Does 38 divide 159?
False
Does 49 divide 3853?
False
Is 8 a factor of 448?
True
Is 69030 a multiple of 26?
True
Does 52 divide 12428?
True
Does 203 divide 5075?
True
Is 57 a factor of 6042?
True
Is 81 a factor of 16583?
False
Is 1287 a multiple of 99?
True
Is 1385 a multiple of 15?
False
Is 26588 a multiple of 14?
False
Is 94 a factor of 15322?
True
Is 18100 a multiple of 50?
True
Does 148 divide 56832?
True
Is 26 a factor of 2158?
True
Is 8 a factor of 33882?
False
Is 61 a factor of 11651?
True
Is 416 a multiple of 66?
False
Is 37 a factor of 3404?
True
Does 59 divide 1765?
False
Is 184 a multiple of 20?
False
Is 31 a factor of 62403?
True
Is 11 a factor of 110?
True
Is 25959 a multiple of 36?
False
Is 10435 a multiple of 25?
False
Is 67 a factor of 2077?
True
Is 674 a multiple of 44?
False
Is 108 a factor of 1944?
True
Does 4 divide 1492?
True
Is 11 a factor of 289?
False
Does 185 divide 24420?
True
Is 5476 a multiple of 148?
True
Does 47 divide 188?
True
Is 3475 a multiple of 25?
True
Is 96 a factor of 1705?
False
Does 4 divide 308?
True
Is 3468 a multiple of 51?
True
Does 7 divide 255?
False
Is 1326 a multiple of 5?
False
Is 14 a factor of 490?
True
Is 12363 a multiple of 122?
False
Is 32725 a multiple of 25?
True
Is 28 a factor of 13300?
True
Is 86208 a multiple of 48?
True
Does 49 divide 1078?
True
Is 168115 a multiple of 15?
False
Is 1558 a multiple of 11?
False
Does 21 divide 12957?
True
Is 12 a factor of 334?
False
Is 23 a factor of 6274?
False
Is 77477 a multiple of 87?
False
Does 9 divide 3818?
False
Is 341 a multiple of 2?
False
Is 48 a multiple of 8?
True
Does 14 divide 55258?
True
Does 112 divide 647?
False
Is 52 a factor of 1582?
False
Does 3 divide 18052?
False
Is 52276 a multiple of 14?
True
Is 7 a factor of 29468?
False
Is 184 a factor of 8648?
True
Does 28 divide 139?
False
Is 157 a factor of 34287?
False
Does 13 divide 377?
True
Is 284 a multiple of 71?
True
Does 16 divide 15871?
False
Is 1340 a multiple of 10?
True
Is 10 a factor of 4788?
False
Does 20 divide 7416?
False
Is 3060 a multiple of 60?
True
Is 29 a factor of 3770?
True
Is 38444 a multiple of 15?
False
Does 15 divide 35139?
False
Is 7 a factor of 5642?
True
Does 7 divide 329?
True
Is 1595 a multiple of 29?
True
Is 42 a factor of 3444?
True
Is 27758 a multiple of 87?
False
Is 1456 a multiple of 16?
True
Is 6779 a multiple of 25?
False
Is 1779 a multiple of 138?
False
Does 7 divide 2336?
False
Does 9 divide 35?
False
Is 33 a multiple of 3?
True
Is 3173 a multiple of 19?
True
Is 43 a factor of 1488?
False
Is 30 a factor of 1620?
True
Is 18618 a multiple of 17?
False
Is 19 a factor of 4009?
True
Is 998 a multiple of 6?
False
Is 13806 a multiple of 354?
True
Is 19981 a multiple of 53?
True
Is 30615 a multiple of 13?
True
Does 2 divide 9158?
True
Is 1248 a multiple of 48?
True
Is 4 a factor of 220?
True
Is 8 a factor of 521?
False
Is 11 a factor of 28245?
False
Does 72 divide 3384?
True
Does 74 divide 12831?
False
Does 77 divide 19549?
False
Does 22 divide 16280?
True
Is 14874 a multiple of 57?
False
Does 29 divide 37059?
False
Is 332 a multiple of 38?
False
Is 4 a factor of 76?
True
Is 24 a factor of 377?
False
Does 6 divide 288?
True
Is 22607 a multiple of 23?
False
Is 31618 a multiple of 85?
False
Does 16 divide 7489?
False
Is 38 a factor of 35264?
True
Is 49473 a multiple of 17?
False
Is 14 a factor of 94240?
False
Does 5 divide 165?
True
Does 83 divide 15438?
True
Is 149050 a multiple of 22?
True
Is 7 a factor of 606?
False
Is 127 a multiple of 11?
False
Is 1072 a multiple of 16?
True
Does 8 divide 656?
True
Is 78 a multiple of 3?
True
Does 8 divide 1715?
False
Is 125 a multiple of 3?
False
Does 19 divide 789?
False
Does 30 divide 18136?
False
Is 7 a factor of 322?
True
Is 136 a multiple of 68?
True
Is 50 a factor of 1012?
False
Is 462 a multiple of 21?
True
Does 4 divide 407?
False
Is 34 a factor of 9130?
False
Does 15 divide 2970?
True
Is 69 a factor of 759?
True
Does 25 divide 1650?
True
Is 33207 a multiple of 30?
False
Is 9 a factor of 228?
False
Does 27 divide 5131?
False
Does 12 divide 3168?
True
Is 1242 a multiple of 27?
True
Is 4690 a multiple of 67?
True
Is 2912 a multiple of 18?
False
Is 152 a factor of 2736?
True
Does 11 divide 1615?
False
Is 5187 a multiple of 13?
True
Does 23 divide 2047?
True
Does 207 divide 42021?
True
Is 1659 a multiple of 11?
False
Does 79 divide 8018?
False
Is 624 a multiple of 16?
True
Is 17 a factor of 3927?
True
Is 65 a factor of 55055?
True
Is 4832 a multiple of 118?
False
Is 6591 a multiple of 77?
False
Is 1116 a multiple of 12?
True
Does 64 divide 6080?
True
Is 108 a multiple of 36?
True
Is 15399 a multiple of 29?
True
Is 11 a factor of 4405?
False
Is 1355 a multiple of 15?
False
Does 7 divide 168?
True
Does 9 divide 1782?
True
Is 1926 a multiple of 43?
False
Is 1250 a multiple of 25?
True
Does 42 divide 31080?
True
Is 5 a factor of 902?
False
Is 728 a multiple of 56?
True
Is 42 a factor of 19340?
False
Is 38 a factor of 17970?
False
Is 53 a factor of 53053?
True
Does 35 divide 46130?
True
Is 1985 a multiple of 12?
False
Is 72 a multiple of 24?
True
Is 26 a factor of 52052?
True
Is 1496 a multiple of 2?
True
Is 36077 a multiple of 23?
False
Is 7 a factor of 2674?
True
Does 11 divide 9036?
False
Does 14 divide 460?
False
Is 18 a factor of 21906?
True
Is 23 a factor of 162?
False
Is 2 a factor of 27?
False
Does 6 divide 883?
False
Is 10024 a multiple of 56?
True
Is 20033 a multiple of 13?
True
Is 27405 a multiple of 63?
True
Is 37944 a multiple of 68?
True
Is 13 a factor of 33462?
True
Is 4703 a multiple of 153?
False
Does 4 divide 139?
False
Is 8 a factor of 3704?
True
Does 16 divide 122?
False
Does 40 divide 400?
True
Is 846 a multiple of 3?
True
Does 17 divide 545?
False
Is 752 a multiple of 21?
False
Is 576 a multiple of 8?
True
Is 25 a factor of 1522?
False
Is 771 even?
False
Is 6777 a multiple of 27?
True
Is 41 a factor of 4387?
True
Is 26 a factor of 2886?
True
Is 1208 a multiple of 37?
False
Is 24041 a multiple of 29?
True
Is 5 a factor of 2275?
True
Does 56 divide 784?
True
Does 3 divide 1173?
True
Is 910 a multiple of 103?
False
Does 28 divide 5124?
True
Does 7 divide 125?
False
Does 21 divide 23421?
False
Is 48 a factor of 54384?
True
Does 23 divide 102695?
True
Is 7 a factor of 42?
True
Is 135 a multiple of 12?
False
Does 17 divide 104550?
True
Is 2 a factor of 110?
True
Is 35 a factor of 558?
False
Does 4 divide 39988?
True
Does 30 divide 404?
False
Is 39808 a multiple of 14?
False
Is 50098 a multiple of 302?
False
Does 100 divide 6117?
False
Does 11 divide 1997?
False
Is 73 a factor of 1302?
False
Is 11 a factor of 1608?
False
Does 2 divide 314?
True
Is 363 a multiple of 4?
False
Is 23 a factor of 31763?
True
Is 3741 a multiple of 87?
T